x - 4*w - 20, -21 = 3*x + 5*w + 4. Suppose 2*y + 1081 - 3971 = -4*h, x = h - 4*y - 745. What is the greatest common factor of h and 29?
29
Let p be 9/108 + 20/(-48)*-19. Suppose -p*g + 6*g = 0, 4*d - 48 = 2*g. Let n be (1/(-2))/((-2)/72). What is the greatest common divisor of n and d?
6
Let s be -216*(4/6)/(296/(-222)). What is the greatest common divisor of 52 and s?
4
Let c(o) = -o**3 - 6*o**2 - 5*o - 9. Let x be c(-6). Suppose 0 = -48*k - 29*k + 43*k + 714. What is the greatest common factor of x and k?
21
Let h = 44 + -59. Let g be (-3)/h + (-1096)/(-20) + 0. What is the highest common divisor of g and 10?
5
Suppose 0 = 796*m - 797*m + 3*d + 18, -4*m = 2*d - 100. Calculate the greatest common divisor of 984 and m.
24
Let l = -163 + 163. Suppose 3*m - 3*a + 5 = 4*m, l = -a - 2. Calculate the highest common factor of m and 44.
11
Suppose 186*y - 190*y = 4*g - 1680, 5*g + 1716 = 4*y. Calculate the greatest common factor of y and 32.
8
Suppose 94 = 5*h - 2*m, 2*h + 2*m - 31 = 5*m. Let b be -11 - 6*(-11)/(-22). Let q be ((-4)/(-30))/(b/(-420)). Calculate the highest common divisor of q and h.
4
Let z(s) = -26 - 1 - 10 - 3 + 3*s. Let d be z(17). Let r be d*(-2)/2*-6. What is the greatest common divisor of r and 22?
22
Let z = 27 + -22. Suppose k - 22 = -z*m, -2*m + 4 = -k - 9. Suppose 8*n - 27 = m*n. Calculate the greatest common factor of 36 and n.
9
Let v = 158 - 63. Let r be (2/3 + 0/2)*(-30765)/(-2051). Calculate the highest common factor of v and r.
5
Suppose 0 = -62*d + 87*d - 3700. What is the highest common divisor of 6438 and d?
74
Let c(h) = h**3 - 16*h**2 + 8*h + 9. Let l be -4*(-4)/32*-4 + 18. Let k be c(l). Let m = k + -110. Calculate the highest common divisor of 36 and m.
9
Suppose -32 = -50*b + 34*b. Suppose 0 = -3*k - 6. Let h be (b + 1 - 25)/k. What is the highest common factor of 99 and h?
11
Let w = -352 + 352. Suppose w = 2*f + 273 - 281. What is the highest common factor of 148 and f?
4
Let o = 5362 + -5346. Calculate the greatest common factor of o and 936.
8
Let k(r) = 3*r**2 + 57*r - 511. Let z be k(12). What is the greatest common factor of 968 and z?
121
Suppose 0 = -4*r + 1011 + 1809. Suppose 2*x - x + r = 5*d, 0 = 3*x + 15. Let j be d/21*6/4. Calculate the highest common factor of j and 70.
10
Let t be ((-24)/(-11))/4 + 18226/143. What is the highest common divisor of t and 208?
16
Let b = 14 - 9. Suppose -2*q = 3*p - q - 3, 5*q = -5*p - b. Let f be 0/(2 + p) + 70. What is the greatest common divisor of f and 14?
14
Suppose g = -162 + 47. Suppose 321 = -2*h - 5*q, -4*h - 355 - 260 = q. Let n = g - h. Calculate the highest common factor of 418 and n.
38
Let f = -1266 - -1370. Calculate the greatest common factor of 338 and f.
26
Let t = 61 - 60. Let x be 0 + (3 - t) - -74. Calculate the greatest common divisor of 57 and x.
19
Suppose 3*k + 325 = 4*t, 4*t - 394 = -2*k - 44. Let f = -5 + t. Let l be (-1 + -3)*(-6 + 1). Calculate the greatest common factor of f and l.
20
Let n be ((-98)/4)/((-2)/40*(-47 + 48)). What is the highest common divisor of n and 30?
10
Suppose 136*l + 805 = 4885. Calculate the highest common factor of 24 and l.
6
Suppose 0 = 3332*z - 3316*z - 672. Calculate the greatest common divisor of z and 9072.
42
Suppose 3*g = 3*j - 118119, -31337 = 2*j + 4*g - 110041. What is the highest common factor of 54 and j?
54
Let z be -23*((1 - 3) + 1). Let w(s) = s**2 + 3*s + 2. Let o be w(-1). Suppose 0 = -o*k + k - 23. Calculate the highest common divisor of k and z.
23
Let t(l) = -5*l**3 - 3*l**2 - 2*l - 2. Let w be t(-2). Suppose 5*f = -2*d + 362, -4*d + 590 - 426 = 2*f. Calculate the greatest common factor of f and w.
10
Suppose 0 = -g + 4*g - 312. Let n = g + -87. Calculate the greatest common factor of 85 and n.
17
Let v be (-1 - 1) + (-28 - -48) + 10. What is the greatest common divisor of 3514 and v?
14
Let n(u) = -12*u - 38. Suppose 2*x - 19 = j, -2*j - 41 = 2*j - x. Let l be n(j). Calculate the greatest common factor of l and 28.
14
Suppose -2*k - 2*l + 1 = -99, -2*k + l = -97. Let z(b) = -b**2 + 26*b - 39. Let r be z(22). Calculate the highest common divisor of k and r.
49
Let z be -1 + -2 + (0 - 37) + -1. Let k = -42 - z. Let x be (1*k - 13/(-26))*-16. What is the highest common divisor of x and 72?
8
Suppose b = -8*g + 4*g + 29672, -74192 = -10*g - b. What is the highest common divisor of g and 636?
212
Suppose -707*c - 222 = -708*c. What is the highest common divisor of 740 and c?
74
Suppose -t - t + 12 = 0. Let m be (-24)/1*(-4)/t. Let y(g) = -2*g**3 + 153*g**2 + 98*g - 1593. Let c be y(77). What is the greatest common divisor of m and c?
8
Let k be (29051 + -53)*4/12. Calculate the highest common factor of 216 and k.
54
Let k = -38 + 41. Suppose -g = i - 7, 0*g + 9 = -g + k*i. Let q be (-12)/(-4)*77/g. Calculate the greatest common factor of 11 and q.
11
Suppose 438*w - 6618 - 12654 = 0. Let r = -12 - -34. What is the greatest common divisor of w and r?
22
Let z(b) be the third derivative of 2*b**4/3 + 2*b**3 + 15*b**2. Let j be z(-4). Let q = -42 - j. What is the highest common factor of q and 70?
10
Suppose 0 = -2*d + 233 + 411. Suppose -d = -10*v + 98. What is the highest common factor of v and 168?
42
Suppose -x = s - 2*s - 23, 3*s - 5*x = -73. Let v be (-48)/16*s/9*1. Calculate the highest common factor of 63 and v.
7
Suppose 9 + 0 = f + 3*a, -2*f + 19 = 5*a. Let q be (150/(-375))/((-1)/(-3365)). Let s be 12/30 - (q/10 - -3). Calculate the greatest common factor of s and f.
12
Let w be -4 + 11 + 6*(-3)/6. Let v = 23 + -1. Suppose g = v + 14. Calculate the highest common factor of w and g.
4
Let f(x) = x**3 + 2*x**2 - 8*x + 1. Let q be f(4). Let m be (1 + -12)/44 - q/(-4). Let p = -185 - -313. Calculate the greatest common divisor of m and p.
16
Let y = 9 + 96. Let w be 4 + (-3 - -37)*5. Suppose -7*z + w = 69. What is the greatest common factor of y and z?
15
Suppose 536*d = 544*d - 32. Suppose d*h - 11*h + 91 = 0. Let o = 0 + 1. What is the greatest common divisor of o and h?
1
Let x = 466 + -474. Let c(u) = -3*u**3 - 24*u**2 - 11*u + 18. Let f be c(x). What is the highest common divisor of f and 106?
106
Let m be 4/(-7) + (-5800)/(-56). Suppose m = -8*t + 12*t + d, -66 = -3*t + 3*d. Calculate the greatest common factor of t and 650.
25
Let n = -32 + 50. Let h be (1 + -13)/(-3) - (-283 + 6). Let q = h + -257. What is the greatest common divisor of q and n?
6
Suppose 5*k = -p + 2287, -p + 18 = -k + 473. Let n = k + -209. Calculate the greatest common factor of n and 8.
8
Suppose 0 = 5*h + d + 169 + 93, -5*h - 5*d - 270 = 0. Let z = 25 + h. Let o be (z/(-6))/((-2)/(-4)). Calculate the highest common factor of o and 72.
9
Let q(a) = -1. Let p(l) = 7*l - 30. Let s(c) = -p(c) + 5*q(c). Let w be 5 + (0/6 - 10). Let u be s(w). Calculate the greatest common factor of 36 and u.
12
Suppose 14*d - 2482 = 1046. Let n be 89 - (-20)/((-12)/3). Calculate the highest common factor of d and n.
84
Suppose -q = -3*q + 2*d + 142, 0 = -3*d + 12. Suppose -70*i = -q*i + 20. What is the greatest common factor of i and 92?
4
Let z = 68 + -60. Suppose -13*d = -z*d + 10. Let l be 18 - (-15)/(-10)*d. Calculate the greatest common factor of 21 and l.
21
Suppose -181*i + 3632508 + 247227 = 0. What is the highest common divisor of i and 15?
15
Suppose -2*y - 994 = -4*f, 5*f + 2*y - 495 = 761. What is the greatest common factor of f and 1100?
50
Suppose 0 = -8*u + 680 - 272. Suppose -4*h - 4 = 0, -4*h - 16 - u = 3*c. Let m be (-7)/(c/72)*1. Calculate the greatest common factor of 12 and m.
12
Let f(p) = -13*p + 15. Let l be f(11). Let x = l + 134. What is the highest common factor of x and 6?
6
Suppose -4*i = -2*a - 12866, 15*a + 16015 = 5*i - a. Calculate the highest common factor of 481 and i.
37
Let t(h) = -38*h + 47*h - 34*h - 12. Let f be t(-3). What is the highest common divisor of 42 and f?
21
Suppose -2*t + 8 = 0, 5*j - 17 - 3 = 5*t. Let y = -53 + 133. Suppose o - 6*o + y = 0. Calculate the highest common factor of j and o.
8
Let z = -14 + 14. Suppose z = 3*h + 2 - 38. Suppose 0 = -p + 2*y + 58, 2*p - 5*y = 38 + 83. Calculate the highest common divisor of h and p.
12
Let p(j) = j**3 - 12*j**2 + 29*j + 81. Let m be p(10). Calculate the highest common factor of 627 and m.
57
Let c = 2444 - 2395. Suppose 5*i = 9